 be the first derivative of -j**4/4 + 10*j**3/3 - 9*j**2/2 + 21*j + 26. Calculate the remainder when 57 is divided by s(9).
15
Let g = -529 + 831. Calculate the remainder when g is divided by 40.
22
Let l(h) = -h + 18. Suppose -4*r + 435 + 85 = 0. Suppose 14*j - j = r. What is the remainder when l(8) is divided by j?
0
Let k(r) = r**3 + 4*r**2 + 3. Let z be k(-4). Suppose -z*s + 18 = 3. Suppose -s*a + 295 = t + t, 9 = -3*a. Calculate the remainder when t is divided by 39.
38
Let w be (24/20)/(4/(-10)). Let k(o) = o + 8. Let r be k(w). Suppose 0*i = -r*i + 405. What is the remainder when i is divided by 21?
18
Suppose -130815 = -110*y + 24460 + 5875. Calculate the remainder when y is divided by 732.
1
Suppose 4*r + 12 = 0, -3*m - 5*r - 665 = -5*m. Let s = m - 74. Calculate the remainder when s is divided by 12.
11
Let t(u) be the first derivative of -6*u**2 - 217*u - 6. Calculate the remainder when 102 is divided by t(-21).
32
Let u = -810 - -824. Calculate the remainder when 754 is divided by u.
12
Suppose -q = -4*o - 38 - 48, 4*q + 5*o = 302. Let x(y) = 2*y**3 - y**2 + y + 1. Let p be x(-1). What is the remainder when q is divided by 3/p + 23 - 2?
18
Let t(q) = q**3 - 15*q**2 - 576*q - 93. Calculate the remainder when t(-17) is divided by 122.
85
Let a(n) = 4*n - 7*n + 6*n. Let b be a(-4). What is the remainder when 47 is divided by (b/14)/((-2)/28)?
11
Let t be (-886*8/(-32))/(3/6). Suppose t = 3*j + 212. Calculate the remainder when j is divided by 2/(-5) - (-404)/10.
37
Let t = 54 - 49. Suppose -3*k + 4*r + t = -14, k + 5*r = 0. Calculate the remainder when (-4 + 3)/(99/51 + -2) is divided by k.
2
Let w(p) = -p**3 - 4*p**2 - 2*p. Let l = 115 - 262. Let s = -151 - l. Calculate the remainder when 95 is divided by w(s).
7
Calculate the remainder when 302 is divided by 227*976/(-122)*(-2)/16.
75
Suppose 2*v + 2*a + 4 = 0, -3*v + 5 = 5*a + 3. Let u(y) = -y**3 - 4*y**2 - 3*y - 9. What is the remainder when u(v) is divided by 3?
0
Suppose -4*g - 426 + 582 = -2*y, 3*g - 114 = y. Calculate the remainder when g is divided by 8.
4
Suppose 5*m - 28 = -a, -m - 4*a = 10 - 8. Let l(p) = 6*p**2 - 32*p + 3. What is the remainder when 240 is divided by l(m)?
24
Let g be (3 + 2)*6/(-10) + -75. Let n = g - -186. What is the remainder when n is divided by 28?
24
Suppose 0 = -6*v + v - 10. Let j(m) = -1354*m - 6685. What is the remainder when j(-5) is divided by 29/4*(v - -6)?
27
Let w be -10 - (-56)/8 - -11. Suppose 986 = 37*q - w*q. What is the remainder when 165 is divided by q?
29
Suppose -9*m = -6*m. Let g(z) = m*z**2 + z**3 - 5*z**2 + 0*z**2 + 8 + 6*z**2. Calculate the remainder when 47 is divided by g(0).
7
What is the remainder when 101 is divided by -23 - -22 - (-38 + -2 + -2)?
19
Let s(j) = -2*j**3 - 76*j**2 - 3*j - 88. Calculate the remainder when 335/3 - (3 + (-110)/33) is divided by s(-38).
8
Suppose -27 = 4*t + 153. Let s be 10/t - (-5)/((-45)/(-9398)). Calculate the remainder when s/(-24)*2/(-1) is divided by 30.
27
Let f = -33 + 46. Let u(s) be the second derivative of -5*s**3/6 + 26*s**2 - 371*s + 1. What is the remainder when u(-10) is divided by f?
11
Let c be 24/6 + 0 - 0/(-3). Suppose 4*s = -2*b + 14, -4*s = c*b - 5*s - 73. What is the remainder when 150 is divided by b?
14
Let u(i) = i**3 - 37*i**2 - 55*i + 26. Let p be u(39). Suppose 5*n + p = 1293. What is the remainder when n is divided by 16?
10
Let s be (11 + 1)/(9/(-6)). What is the remainder when (-480)/s - (-1 + 2) is divided by (-1)/(-4 + 0 + 246/62)?
28
Suppose -96*b - 33*b + 1320 = -9*b. What is the remainder when 1374 is divided by b?
10
Suppose 2*j + 7 = 2*t + j, 0 = -2*j - 2. Suppose 0 = 3*q - 10 - 5, -257 = -4*o + t*q. Suppose -3*v = 26 - o. What is the remainder when 293 is divided by v?
13
Suppose -2*r + 207 = 61. Let x(m) = 19*m + 2. Let b be x(-1). Let s = b + 36. What is the remainder when r is divided by s?
16
Let f = 333 + -318. Let w be (-6 - -4) + (0 - -9)*4. Suppose -w = c - 108. Calculate the remainder when c is divided by f.
14
Suppose -497 - 173 - 1814 = -18*j. What is the remainder when j is divided by 37?
27
Let i(f) = 6*f - 6. Let m be i(2). Suppose -p + 3*g = -m*p + 15, 3*g - 15 = p. Suppose p*o - 7*o = -77. What is the remainder when 37 is divided by o?
4
Let y = 7820 + -7260. Calculate the remainder when y is divided by 60.
20
Let k = 222 - 214. Let z(p) = 14*p**3 - 7*p**2 + 2*p - 2. Calculate the remainder when z(2) is divided by k.
6
Let g(u) = 20*u - 37. Let n = 44 + -39. Calculate the remainder when g(n) is divided by 16.
15
What is the remainder when (2 + -2084)*92/(-276) is divided by 15?
4
Suppose -14*l - 290 = 1600. Let n = -98 - l. Calculate the remainder when n is divided by 13.
11
Let l be 7/(-7)*4/(-4). Calculate the remainder when 0/1 + (-2)/l + 377 is divided by 47.
46
Suppose -11 = i - 3*u, 5*i + u - 45 = -4*u. What is the remainder when 13 is divided by i - (2 + (2 - 6))?
1
Let f(n) = n**2 - 5*n + 5. Let t be f(5). Let u(i) = 4*i - 10. What is the remainder when 49 is divided by u(t)?
9
Let o be (9/(-15))/((-14)/(-20) + -1). Suppose -o*s - f = -283, 4*s - 4*f = f + 573. What is the remainder when s is divided by 48?
46
Calculate the remainder when 1723 is divided by 2 + (12 - 17) - -18.
13
Suppose -2*d + 7*d - 15 = 0. Suppose -3*l + 4*l - 32 = 2*z, -l + d*z = -36. Let f(v) = -23*v - 1. Calculate the remainder when f(-3) is divided by l.
20
Suppose 0 = -10*u + 7*u - 3*b + 12, 0 = -5*u - b + 8. What is the remainder when 152 is divided by (-7)/(-14)*(3 + u) - -11?
9
Suppose 164 = 3*g + 10*n - 14*n, 4*g = 2*n + 202. Calculate the remainder when 141 is divided by g.
45
Let k(f) = 12*f**3 - 3*f - 7. Let a be k(-2). Let z = 105 + a. Suppose 0 = -z*b + 97 + 95. What is the remainder when 141 is divided by b?
21
Let u(f) = f**3 + f**2 - 2*f - 1. Let r(x) = 2*x**3 - 6*x**2 + 4*x - 53. Let m(b) = r(b) - 3*u(b). What is the remainder when 409 is divided by m(-11)?
81
Let g = -5167 + 5313. Calculate the remainder when g is divided by 87.
59
Suppose -2*j = -56 - 226. Let x = 159 - j. What is the remainder when x is divided by 5?
3
Let u = -3494 + 3829. What is the remainder when u is divided by 34?
29
Suppose 0 = -0*o - 3*o + 57. Let u(t) = -t**3 - 39*t**2 - 74*t + 44. Calculate the remainder when u(-37) is divided by o.
6
Let s(h) = 26*h**2 + 11*h - 12. Let r = 839 + -835. Calculate the remainder when s(r) is divided by 41.
38
Let w(b) = -b**2 + b + 14. Suppose 4*t = 3044*j - 3045*j + 481, 5*j = -5*t + 2270. What is the remainder when j is divided by w(0)?
11
Let x(c) = c**2 + c + 97. Suppose 5*v = 3*h - 6 - 31, 5*h + 3*v = 39. What is the remainder when x(0) is divided by h?
7
Let g be -7*30/(-70) - 26*-19. Suppose -105 = 28*w - g. Suppose 4*v = -3*l + 196, -v = 2*l - 4*l - 60. Calculate the remainder when v is divided by w.
10
Let g be ((-12)/10)/(66/(-20) - -3). Suppose -4*s + g + 0 = 0. What is the remainder when 3/24*(6 - -2) is divided by s?
0
Let x(q) = q**3 + 40*q**2 - 128*q + 45. Let u be x(-43). Calculate the remainder when ((u - 4) + 1)/(2/(-2158)) is divided by 54.
53
Let f be ((-322)/69)/(4/(-6)). Suppose f*z - 301 = -0*z. Calculate the remainder when z is divided by 11.
10
Let n be 4/(-16) - 1299/4. Let c = n - -445. What is the remainder when c is divided by 62?
58
Suppose 3*t = -8*s + 3*s + 1014, 0 = -4*s - 3*t + 813. Let m = -7 - -36. Calculate the remainder when s is divided by m.
27
Let m(w) = -6*w - 57. Let h be m(-11). Let u = h + 64. Let s = 21 + -5. Calculate the remainder when u is divided by s.
9
What is the remainder when (3 - (-195753)/(-6))*((-592)/40 - -14) is divided by 60?
58
Let p(h) = -h**3 - 7*h**2 + 3*h + 10. Let u be p(-8). Calculate the remainder when (-10)/(-6)*1980/u is divided by (-68)/16*4*-1.
15
Suppose 4*c = 20, -2*c + 6286 = 4*n - 3632. What is the remainder when n is divided by 118?
117
Let x = 79 - 55. Let q = -8 + x. What is the remainder when 121/5 + (-5 - (-48)/10) is divided by q?
8
Let f be 38/8 + 0 + (-9)/(-36). Suppose 0*u + f*l = -u + 195, 2*u = -2*l + 398. Calculate the remainder when u is divided by 34.
30
Let h(r) be the second derivative of r**4/6 + 2*r**3 - 9*r**2/2 + 15*r. Let z be h(-13). Let g = -78 + z. What is the remainder when g is divided by 16?
15
Let t = 81 - 53. Calculate the re